hat is the highest common factor of 63 and 18?
9
What is the highest common divisor of 1054 and 124?
62
What is the highest common factor of 13 and 7033?
13
Calculate the highest common factor of 132 and 726.
66
Calculate the greatest common factor of 70 and 665.
35
Calculate the greatest common factor of 47169 and 27.
27
Calculate the highest common divisor of 98 and 280.
14
Calculate the highest common factor of 609 and 1653.
87
Calculate the greatest common divisor of 25828 and 44.
44
Calculate the highest common divisor of 17550 and 54.
54
Calculate the highest common factor of 2 and 278.
2
What is the greatest common factor of 33 and 3729?
33
What is the highest common divisor of 696 and 290?
58
What is the highest common divisor of 28 and 8?
4
What is the highest common divisor of 10 and 250?
10
Calculate the greatest common divisor of 630 and 900.
90
What is the greatest common divisor of 675 and 300?
75
What is the greatest common factor of 1580 and 5?
5
What is the greatest common factor of 39 and 13?
13
Calculate the highest common divisor of 22 and 21362.
22
Calculate the greatest common factor of 196 and 1680.
28
What is the highest common divisor of 44 and 21076?
44
What is the highest common factor of 3420 and 120?
60
What is the greatest common divisor of 30 and 25440?
30
Calculate the greatest common factor of 54 and 54.
54
What is the greatest common factor of 48263 and 167?
167
Calculate the greatest common divisor of 280 and 40.
40
Calculate the highest common factor of 182 and 52.
26
Calculate the greatest common factor of 1 and 83.
1
What is the greatest common factor of 1333 and 31?
31
What is the greatest common factor of 1734 and 408?
102
What is the highest common factor of 10 and 865?
5
What is the greatest common factor of 226 and 4520?
226
Calculate the highest common divisor of 21 and 1288.
7
What is the greatest common factor of 107 and 8667?
107
Calculate the highest common divisor of 132 and 4092.
132
What is the highest common factor of 240 and 60?
60
Calculate the highest common divisor of 1419 and 22.
11
Calculate the highest common factor of 12 and 17196.
12
What is the greatest common factor of 515 and 103?
103
What is the greatest common divisor of 6743 and 11?
11
Calculate the greatest common divisor of 1485 and 555.
15
What is the highest common divisor of 215 and 989?
43
Calculate the highest common factor of 4 and 446.
2
What is the greatest common divisor of 13393 and 908?
227
What is the greatest common divisor of 345 and 285?
15
What is the highest common factor of 2640 and 144?
48
Calculate the greatest common factor of 2236 and 52.
52
Calculate the greatest common factor of 90 and 60.
30
Calculate the greatest common factor of 20069 and 122.
61
What is the highest common divisor of 351 and 54?
27
What is the greatest common divisor of 11050 and 255?
85
Calculate the highest common factor of 22 and 110.
22
Calculate the highest common factor of 60 and 10935.
15
What is the greatest common factor of 172 and 129?
43
What is the highest common factor of 745 and 1788?
149
Calculate the highest common divisor of 47 and 4559.
47
Calculate the greatest common factor of 10 and 55.
5
What is the highest common divisor of 3431 and 47?
47
Calculate the highest common factor of 51 and 459.
51
Calculate the highest common factor of 18 and 27954.
18
What is the greatest common divisor of 312 and 72?
24
Calculate the greatest common divisor of 3066 and 28.
14
What is the highest common factor of 168 and 3675?
21
What is the greatest common divisor of 94 and 141?
47
Calculate the greatest common divisor of 39370 and 620.
310
Calculate the highest common divisor of 6057 and 18.
9
What is the highest common factor of 85 and 510?
85
Calculate the highest common factor of 60 and 4380.
60
What is the greatest common factor of 4 and 412?
4
What is the highest common divisor of 56 and 483?
7
Calculate the greatest common factor of 260 and 640.
20
What is the greatest common divisor of 70 and 196?
14
Calculate the greatest common divisor of 2888 and 8.
8
Calculate the highest common factor of 702 and 135.
27
What is the greatest common factor of 12 and 39?
3
Calculate the highest common divisor of 464 and 174.
58
What is the highest common factor of 56 and 16?
8
What is the highest common divisor of 3058 and 22?
22
What is the highest common divisor of 12112 and 16?
16
What is the greatest common divisor of 4 and 652?
4
What is the highest common divisor of 426 and 10437?
213
What is the highest common divisor of 63 and 99?
9
Calculate the greatest common factor of 12 and 588.
12
What is the highest common divisor of 14 and 371?
7
Calculate the greatest common divisor of 128 and 400.
16
What is the greatest common divisor of 188 and 12?
4
Calculate the highest common factor of 56 and 217.
7
Calculate the greatest common divisor of 33 and 48.
3
What is the greatest common factor of 12 and 9?
3
What is the highest common divisor of 6084 and 1287?
117
What is the highest common factor of 23 and 529?
23
What is the highest common factor of 708 and 12?
12
What is the highest common factor of 1416 and 48?
24
Calculate the greatest common factor of 8710 and 20.
10
Calculate the highest common factor of 145 and 986.
29
What is the greatest common factor of 1856 and 448?
64
Calculate the greatest common divisor of 107 and 178369.
107
Calculate the greatest common factor of 438 and 730.
146
What is the highest common divisor of 6565 and 195?
65
What is the greatest common divisor of 5 and 310?
5
What is the greatest common divisor of 8519 and 14?
7
What is the greatest common factor of 328 and 32?
8
Calculate the highest common divisor of 3702 and 6.
6
Calculate the highest common factor of 24 and 41520.
24
What is the highest common factor of 208 and 130?
26
What is the greatest common divisor of 49 and 1225?
49
What is the greatest common factor of 96 and 4832?
32
Calculate the highest common factor of 1280 and 40.
40
What is the greatest common factor of 102 and 34374?
102
What is the greatest common factor of 135 and 3105?
135
What is the highest common divisor of 67 and 335?
67
Calculate the highest common factor of 78 and 3484.
26
What is the greatest common factor of 5 and 185?
5
Calculate the highest common divisor of 360 and 405.
45
Calculate the highest common divisor of 2853 and 9.
9
Calculate the highest common factor of 48300 and 35.
35
Calculate the highest common factor of 201 and 6.
3
What is the greatest common factor of 105 and 21?
21
Calculate the highest common factor of 27 and 513.
27
Calculate the highest common factor of 20 and 13540.
20
What is the greatest common divisor of 10 and 380?
10
What is the greatest common factor of 12865 and 332?
83
What is the greatest common factor of 25727 and 26?
13
Calculate the highest common divisor of 789 and 42.
3
What is the highest common factor of 19 and 9?
1
What is the greatest common divisor of 44 and 3278?
22
What is the greatest common divisor of 1073 and 74?
37
Calculate the highest common factor of 228 and 399.
57
What is the greatest common divisor of 1420 and 20?
20
Calculate the greatest common divisor of 168 and 24.
24
Calculate the greatest common divisor of 20184 and 24.
24
What is the greatest common divisor of 1305 and 1015?
145
Calculate the greatest common divisor of 812 and 29.
29
What is the greatest common divisor of 2725 and 2071?
109
What is the highest common factor of 287 and 164?
41
What is the highest common factor of 1200 and 16?
16
What is the greatest common divisor of 16 and 180?
4
Calculate the highest common divisor of 516 and 4816.
172
What is the highest common factor of 12 and 6642?
6
Calculate the greatest common factor of 120 and 150.
30
Calculate the greatest common factor of 37 and 259.
37
What is the greatest common divisor of 254 and 27686?
254
Calculate the highest common divisor of 30 and 555.
15
Calculate the highest common divisor of 8905 and 1096.
137
What is the highest common divisor of 1536 and 36?
12
Calculate the greatest common factor of 20 and 160.
20
Calculate the greatest common divisor of 57 and 1691.
19
What is the highest common divisor of 351 and 378?
27
Calculate the highest common divisor of 579 and 9.
